{"id":720,"date":"2019-11-26T23:18:01","date_gmt":"2019-11-26T22:18:01","guid":{"rendered":"http:\/\/uncertainjacques.fr\/?page_id=720"},"modified":"2020-04-01T06:32:40","modified_gmt":"2020-04-01T04:32:40","slug":"la-valeureuse","status":"publish","type":"page","link":"https:\/\/uncertainjacques.fr\/?page_id=720","title":{"rendered":"La valeureuse"},"content":{"rendered":"\n<p>Belle valseuse<br>\nDe cette \u00e9pique \u00e9poque<br>\nPar tes pratiques sans \u00e9quivoque<br>\nRend la vie d\u2019avant creuse.<\/p>\n\n\n\n<p>Dans le relief des draps,<br>\nChamp de bataille de nos \u00e9bats,<br>\nEclair de tes yeux turquoise<br>\nDessin d\u2019ombres chinoises.<\/p>\n\n\n\n<p>Ouvert les portes de la vall\u00e9e bonheur<br>\nA la valeureuse \u00e9picurienne fumeuse<br>\nHaut dessein qui se meut dans d\u2019intenses m\u0153urs<br>\nConfiance dans un destin aux contours clandestins.<\/p>\n\n\n\n<p>Dans les vapeurs du colportage,<br>\nEn ton corps dort l\u2019otage<br>\nEt mon envie d\u2019\u00e9crire sur toi<br>\nSupplante celle de crier sur les toits.<\/p>\n\n\n\n<p>Dans un moment d\u2019intense tranquillit\u00e9,<br>\nSeulement troubl\u00e9 par les cris du b\u00e9b\u00e9,<br>\nLa sueur d\u00e9livre nos odeurs respectives<br>\nTu te fais moins r\u00e9tive quant \u00e0 moi je me livre<\/p>\n\n\n\n<p>Essuyant le couteau sur le bord du plat<br>\nTu t\u2019empares d\u2019un morceau de beurre<br>\nLe coupes et le mets sur le chapeau<br>\nDe belles tomates rouges de honte<\/p>\n\n\n\n<p>Pr\u00eates \u00e0 la cuisson<br>\nPour finir en pamoison<br>\nFaisant dans l\u2019eau des ronds<br>\nSemblables \u00e0 des poissons.<\/p>\n\n\n\n<p>JHJ<br>03072006<\/p>\n\n\n\n<figure class=\"wp-block-image size-large\"><img loading=\"lazy\" decoding=\"async\" width=\"40\" height=\"40\" src=\"https:\/\/uncertainjacques.fr\/wp-content\/uploads\/2019\/11\/image.png\" alt=\"\" class=\"wp-image-198\"\/><\/figure>\n\n\n\n<p class=\"has-text-align-center\"><a href=\"https:\/\/uncertainjacques.fr\/?p=718\">pr\u00e9c\u00e9dent <\/a>\/ <a href=\"https:\/\/uncertainjacques.fr\/?p=722\">Suivant<\/a><\/p>\n","protected":false},"excerpt":{"rendered":"<p>Belle valseuse De cette \u00e9pique \u00e9poque Par tes pratiques sans \u00e9quivoque Rend la vie d\u2019avant creuse. Dans le relief des draps, Champ de bataille de nos \u00e9bats, Eclair de tes yeux turquoise Dessin d\u2019ombres chinoises. Ouvert les portes de la vall\u00e9e bonheur A la valeureuse \u00e9picurienne fumeuse Haut dessein qui se meut dans d\u2019intenses m\u0153urs &hellip; <a href=\"https:\/\/uncertainjacques.fr\/?page_id=720\" class=\"more-link\">Continuer la lecture<span class=\"screen-reader-text\"> de &laquo;&nbsp;La valeureuse&nbsp;&raquo;<\/span><\/a><\/p>\n","protected":false},"author":1,"featured_media":0,"parent":0,"menu_order":0,"comment_status":"closed","ping_status":"closed","template":"","meta":{"footnotes":""},"class_list":["post-720","page","type-page","status-publish","hentry"],"_links":{"self":[{"href":"https:\/\/uncertainjacques.fr\/index.php?rest_route=\/wp\/v2\/pages\/720","targetHints":{"allow":["GET"]}}],"collection":[{"href":"https:\/\/uncertainjacques.fr\/index.php?rest_route=\/wp\/v2\/pages"}],"about":[{"href":"https:\/\/uncertainjacques.fr\/index.php?rest_route=\/wp\/v2\/types\/page"}],"author":[{"embeddable":true,"href":"https:\/\/uncertainjacques.fr\/index.php?rest_route=\/wp\/v2\/users\/1"}],"replies":[{"embeddable":true,"href":"https:\/\/uncertainjacques.fr\/index.php?rest_route=%2Fwp%2Fv2%2Fcomments&post=720"}],"version-history":[{"count":2,"href":"https:\/\/uncertainjacques.fr\/index.php?rest_route=\/wp\/v2\/pages\/720\/revisions"}],"predecessor-version":[{"id":1637,"href":"https:\/\/uncertainjacques.fr\/index.php?rest_route=\/wp\/v2\/pages\/720\/revisions\/1637"}],"wp:attachment":[{"href":"https:\/\/uncertainjacques.fr\/index.php?rest_route=%2Fwp%2Fv2%2Fmedia&parent=720"}],"curies":[{"name":"wp","href":"https:\/\/api.w.org\/{rel}","templated":true}]}}