{"id":299,"date":"2019-11-10T09:28:30","date_gmt":"2019-11-10T08:28:30","guid":{"rendered":"http:\/\/uncertainjacques.fr\/?page_id=299"},"modified":"2020-03-31T19:13:11","modified_gmt":"2020-03-31T17:13:11","slug":"nature","status":"publish","type":"page","link":"https:\/\/uncertainjacques.fr\/?page_id=299","title":{"rendered":"Nature"},"content":{"rendered":"\n<p>M\u00e9sanges et hirondelles, tournoyant dans le ciel,<br>\nEpient le ver de terre et le col\u00e9opt\u00e8re.<\/p>\n\n\n\n<p>Deux trois pious pious plus tard,<br>\nCui cui cui, cui cui cui,<br>\nFont au nid les petits,<br>\nP\u00e9piant leur pitance.<\/p>\n\n\n\n<p>Deux trois pious pious plus tard,<br>\nPapa, le bec charg\u00e9,<br>\nSe pose juste \u00e0 c\u00f4t\u00e9 <br>\nDe sa belle nich\u00e9e&nbsp;:<\/p>\n\n\n\n<p>\u00ab&nbsp;Z\u2019y vas Papa, d\u00e9b\u00e8quete ta cargaison<br>\nc\u2019est un trou que l\u2019on a haut lieu de l\u2019estomac&nbsp;\u00bb<\/p>\n\n\n\n<p>Deux trois pious pious plus tard,<br>\nApprentissage de la vie,<br>\nC\u00e9sarine, benjamine<br>\nDoit s\u2019envoler du nid<\/p>\n\n\n\n<p>Deux trois pious pious plus tard,<br>\nFinis les jeux d\u2019\u00e9checs,<br>\nC\u2019est l\u2019heure de se coucher<br>\nBlottis dans les duvets<\/p>\n\n\n\n<p>Berc\u00e9s du gazouillis d\u2019une m\u00e8re \u00e9panouie\u2026<br>\nDeux trois pious pious plus tard<br>\nVous aime et bonne nuit<\/p>\n\n\n\n<p>JHJ<br>26022006<\/p>\n\n\n\n<figure class=\"wp-block-image size-large\"><img loading=\"lazy\" decoding=\"async\" width=\"40\" height=\"40\" src=\"https:\/\/uncertainjacques.fr\/wp-content\/uploads\/2019\/11\/image.png\" alt=\"\" class=\"wp-image-198\"\/><\/figure>\n\n\n\n<p class=\"has-text-align-center\"><a href=\"https:\/\/uncertainjacques.fr\/?p=277\">pr\u00e9c\u00e9dent <\/a>\/ <a href=\"https:\/\/uncertainjacques.fr\/?p=244\">Suivant<\/a><\/p>\n","protected":false},"excerpt":{"rendered":"<p>M\u00e9sanges et hirondelles, tournoyant dans le ciel, Epient le ver de terre et le col\u00e9opt\u00e8re. Deux trois pious pious plus tard, Cui cui cui, cui cui cui, Font au nid les petits, P\u00e9piant leur pitance. Deux trois pious pious plus tard, Papa, le bec charg\u00e9, Se pose juste \u00e0 c\u00f4t\u00e9 De sa belle nich\u00e9e&nbsp;: \u00ab&nbsp;Z\u2019y &hellip; <a href=\"https:\/\/uncertainjacques.fr\/?page_id=299\" class=\"more-link\">Continuer la lecture<span class=\"screen-reader-text\"> de &laquo;&nbsp;Nature&nbsp;&raquo;<\/span><\/a><\/p>\n","protected":false},"author":1,"featured_media":0,"parent":0,"menu_order":0,"comment_status":"closed","ping_status":"closed","template":"","meta":{"footnotes":""},"class_list":["post-299","page","type-page","status-publish","hentry"],"_links":{"self":[{"href":"https:\/\/uncertainjacques.fr\/index.php?rest_route=\/wp\/v2\/pages\/299","targetHints":{"allow":["GET"]}}],"collection":[{"href":"https:\/\/uncertainjacques.fr\/index.php?rest_route=\/wp\/v2\/pages"}],"about":[{"href":"https:\/\/uncertainjacques.fr\/index.php?rest_route=\/wp\/v2\/types\/page"}],"author":[{"embeddable":true,"href":"https:\/\/uncertainjacques.fr\/index.php?rest_route=\/wp\/v2\/users\/1"}],"replies":[{"embeddable":true,"href":"https:\/\/uncertainjacques.fr\/index.php?rest_route=%2Fwp%2Fv2%2Fcomments&post=299"}],"version-history":[{"count":3,"href":"https:\/\/uncertainjacques.fr\/index.php?rest_route=\/wp\/v2\/pages\/299\/revisions"}],"predecessor-version":[{"id":1613,"href":"https:\/\/uncertainjacques.fr\/index.php?rest_route=\/wp\/v2\/pages\/299\/revisions\/1613"}],"wp:attachment":[{"href":"https:\/\/uncertainjacques.fr\/index.php?rest_route=%2Fwp%2Fv2%2Fmedia&parent=299"}],"curies":[{"name":"wp","href":"https:\/\/api.w.org\/{rel}","templated":true}]}}